 2029843 a prime number?
True
Is 5251829 a prime number?
False
Is 1855849 prime?
True
Is 117276187 a composite number?
True
Is 1351199 prime?
True
Is 37554689 composite?
True
Is 22159351 a prime number?
True
Is 206603693 a composite number?
True
Is 459517 a composite number?
True
Is 60594751 prime?
False
Is 31761173 a prime number?
True
Is 89922323 prime?
True
Is 2035417 prime?
True
Is 1919546 prime?
False
Is 5404961 a composite number?
False
Is 6500531 composite?
False
Is 67876843 a composite number?
False
Is 364801 a composite number?
False
Is 56111149 composite?
False
Is 1115041 a prime number?
False
Is 114755822 a composite number?
True
Is 178166983 composite?
True
Is 5012765 a composite number?
True
Is 62666939 prime?
True
Is 6997119 a composite number?
True
Is 105138211 prime?
True
Is 280035361 prime?
True
Is 38747 a prime number?
True
Is 8502881 a prime number?
True
Is 199872997 composite?
False
Is 119645777 a composite number?
False
Is 60965837 composite?
False
Is 25677697 composite?
False
Is 131531633 a composite number?
True
Is 3305341 a composite number?
True
Is 3106209 a prime number?
False
Is 1655233 composite?
True
Is 4767379 a prime number?
True
Is 13750169 prime?
True
Is 1798591 a composite number?
False
Is 68036659 a prime number?
False
Is 33281473 prime?
False
Is 182069 a prime number?
False
Is 37458037 a prime number?
True
Is 6600653 a prime number?
False
Is 40516571 composite?
False
Is 84378691 prime?
True
Is 1231085 a prime number?
False
Is 57415417 composite?
False
Is 21507457 composite?
True
Is 433549 composite?
False
Is 2283301 a prime number?
True
Is 12537839 composite?
True
Is 9729493 composite?
False
Is 21674162 a prime number?
False
Is 45936833 a prime number?
False
Is 5339603 a prime number?
True
Is 827129 a prime number?
True
Is 1995949 prime?
False
Is 2097013 a prime number?
True
Is 16922879 a prime number?
False
Is 10484291 a prime number?
False
Is 5209511 prime?
False
Is 11172233 a prime number?
True
Is 8222997 a prime number?
False
Is 801223 a composite number?
True
Is 2999221 a prime number?
False
Is 1368407 a prime number?
False
Is 29300729 a prime number?
True
Is 2541883 a prime number?
True
Is 8519255 a prime number?
False
Is 46433 prime?
False
Is 908373743 a prime number?
True
Is 4236098 a prime number?
False
Is 45375917 prime?
True
Is 863459 a composite number?
True
Is 17149949 a prime number?
False
Is 25132949 composite?
False
Is 14473889 a composite number?
True
Is 141801071 composite?
True
Is 477783913 a composite number?
False
Is 218340041 prime?
True
Is 3975379 composite?
False
Is 68762819 prime?
True
Is 32630671 a composite number?
True
Is 124323247 prime?
True
Is 180052611 composite?
True
Is 541141 a prime number?
True
Is 219882457 composite?
False
Is 17408549 a prime number?
True
Is 31918751 composite?
False
Is 2371991 composite?
False
Is 20933323 a prime number?
True
Is 11106857 prime?
False
Is 12455897 a composite number?
False
Is 99565 a composite number?
True
Is 245909 composite?
False
Is 44124049 a composite number?
False
Is 24715301 a prime number?
False
Is 50116601 prime?
True
Is 14509241 composite?
False
Is 1837939171 composite?
False
Is 19629661 a composite number?
False
Is 1249727 a composite number?
False
Is 10048747 prime?
False
Is 90955739 prime?
False
Is 65304037 a composite number?
False
Is 10000247 prime?
True
Is 17340871 composite?
False
Is 6935543 a prime number?
True
Is 688411 a composite number?
False
Is 30836257 a composite number?
False
Is 3608281 prime?
False
Is 493509 prime?
False
Is 11040503 prime?
False
Is 838481 a composite number?
True
Is 628841 composite?
False
Is 55207853 a composite number?
True
Is 12425579 prime?
False
Is 16496011 a prime number?
False
Is 142913083 composite?
False
Is 2536001 a composite number?
True
Is 8759651 composite?
True
Is 14997907 composite?
True
Is 9173137 prime?
True
Is 45552983 a prime number?
False
Is 1881353 a prime number?
False
Is 10738127 prime?
True
Is 1445716015 a prime number?
False
Is 507855097 composite?
False
Is 314693957 composite?
False
Is 371526013 prime?
True
Is 82279883 composite?
True
Is 192690677 composite?
False
Is 30166651 a prime number?
True
Is 8157418 composite?
True
Is 32740522 prime?
False
Is 1147604905 prime?
False
Is 17736837 a composite number?
True
Is 3733841 a composite number?
True
Is 13789669 a composite number?
True
Is 25325807 a prime number?
False
Is 418646993 composite?
False
Is 473587 prime?
False
Is 12674741 a prime number?
False
Is 106129103 a composite number?
True
Is 36616571 composite?
True
Is 20578667 composite?
True
Is 12057707 a prime number?
False
Is 310541799 prime?
False
Is 3282086 a composite number?
True
Is 473394683 prime?
True
Is 29095289 composite?
True
Is 2896847 a prime number?
True
Is 67812127 a composite number?
False
Is 17552009 composite?
True
Is 16663954 a composite number?
True
Is 1221699589 prime?
False
Is 21829181 a composite number?
True
Is 20235911 a composite number?
False
Is 574369 prime?
False
Is 10256921 a prime number?
False
Is 643273 composite?
False
Is 3918491 a prime number?
True
Is 29627501 composite?
False
Is 12652217 prime?
True
Is 237900023 composite?
True
Is 2871259 composite?
True
Is 3119047 prime?
False
Is 66731285 a composite number?
True
Is 1193923 composite?
True
Is 10304661 a prime number?
False
Is 44724751 a prime number?
False
Is 327930349 a prime number?
False
Is 664789 a prime number?
True
Is 882793 composite?
True
Is 381975203 a composite number?
False
Is 7081903 a composite number?
False
Is 73298793 a composite number?
True
Is 3650043 a composite number?
True
Is 1698943 a composite number?
False
Is 17203387 a composite number?
False
Is 2227361 composite?
False
Is 557017 composite?
False
Is 34894627 composite?
True
Is 4164565 a prime number?
False
Is 153787883 prime?
True
Is 252082357 prime?
True
Is 559751 prime?
False
Is 18664069 a prime number?
True
Is 1302017 a composite number?
False
Is 77567801 prime?
True
Is 66501751 composite?
False
Is 21797 composite?
True
Is 5399517 a prime number?
False
Is 35526293 prime?
False
Is 1108769 composite?
True
Is 2005457 a composite number?
True
Is 8727361 composite?
True
Is 117429049 composite?
True
Is 19441553 a composite number?
True
Is 15585545 prime?
False
Is 38274281 a prime number?
True
Is 191199997 prime?
True
Is 1187531 composite?
True
Is 59819479 prime?
True
Is 2021639 composite?
False
Is 70706887 prime?
True
Is 686431087 composite?
False
Is 18794641 prime?
True
Is 5793047 composite?
True
Is 258983698 a prime number?
False
Is 8564119 composite?
True
Is 6540151 a prime number?
False
Is 2698243 composite?
True
Is 60256439 composite?
True
Is 764122 composite?
True
Is 41634313 a composite number?
True
Is 5890747 composite?
False
Is 5200621 a composite number?
True
Is 9669677 prime?
True
Is 542216929 a prime number?
True
Is 7279669 a composite number?
False
Is 2435359 a prime number?
False
Is 126305579 a composite number?
False
Is 380497609 prime?
False
Is 5200193 a composite number?
True
Is 51000413 prime?
True
Is 3617681 composite?
True
Is 13196821 composite?
True
Is 8188093 composite?
True
Is 28076729 composite?
True
Is 138989893 prime?
False
Is 27844879 a composite number?
False
Is 62026729 prime?
True
Is 52106689 a composite number?
False
Is 122683081 a prime number?
False
Is 1344311 a composite number?
False
Is 98264939 composite?
True
Is 12037049 a prime number?
True
Is 643039 prime?
True
Is 21559909 prime?
False
Is 410190023 prime?
True
Is 5987461 prime?
True
Is 4859891 composite?
False
Is 19526513 composite?
True
Is 36535061 composite?
False
Is 34510277 prime?
True
Is 807930811 a composite number?
False
Is 369487 composite?
False
Is 10618415 a prime number?
False
Is 12605363 composite?
False
Is 247615 prime?
False
Is 258985627 composite?
False
Is 35071529 a composite number?
False
Is 107226517 composite?
False
Is 7097723 a prime number?
True
Is 7773979 a prime number?
True
Is 163843 prime?
False
Is 10966757 prime?
True
Is 8818027 a prime number?
True
Is 13991441 prime?
True
Is 72146495 a prime number?
False
Is 2258603 a composite number?
True
Is 312755158 prime?
False
Is 56583607 a prime number?
False
Is 77111017 a composite number?
True
Is 14228153 prime?
False
Is 146395583 a prime number?
Fal